ase 11) to base 7.
-3
Convert 57 (base 12) to base 14.
4b
-52 (base 11) to base 8
-71
Convert 22 (base 8) to base 5.
33
-230 (base 4) to base 5
-134
Convert -67 (base 14) to base 9.
-111
8 (base 14) to base 8
10
Convert -2 (base 3) to base 10.
-2
Convert -58 (base 13) to base 11.
-67
1 (base 8) to base 7
1
10 (base 4) to base 3
11
Convert -11 (base 2) to base 15.
-3
Convert 3 (base 5) to base 8.
3
-1 (base 8) to base 16
-1
1 (base 16) to base 3
1
1 (base 6) to base 4
1
What is 102 (base 4) in base 12?
16
12022 (base 3) to base 13
b0
Convert 113 (base 11) to base 6.
343
10 (base 12) to base 5
22
1 (base 13) to base 7
1
-1b1 (base 12) to base 8
-425
What is -6 (base 8) in base 10?
-6
Convert 3 (base 12) to base 10.
3
Convert -94 (base 15) to base 8.
-213
Convert 157 (base 14) to base 3.
101010
160 (base 7) to base 3
10101
-1110 (base 4) to base 14
-60
-234 (base 7) to base 15
-83
What is 21 (base 4) in base 2?
1001
What is -11 (base 8) in base 10?
-9
11 (base 6) to base 3
21
Convert 94 (base 15) to base 3.
12011
Convert -54 (base 11) to base 12.
-4b
13 (base 7) to base 15
a
7 (base 9) to base 10
7
Convert -4 (base 7) to base 6.
-4
What is -55 (base 11) in base 5?
-220
What is 10 (base 3) in base 15?
3
What is -1002 (base 4) in base 14?
-4a
Convert -1010 (base 2) to base 8.
-12
What is -16 (base 10) in base 15?
-11
-320 (base 5) to base 10
-85
What is 67 (base 8) in base 4?
313
-24 (base 10) to base 9
-26
c (base 15) to base 2
1100
What is 2 (base 9) in base 5?
2
What is -e2 (base 15) in base 13?
-134
What is 111010 (base 3) in base 16?
162
205 (base 11) to base 2
11110111
What is 2 (base 8) in base 6?
2
0 (base 5) to base 13
0
-100 (base 2) to base 15
-4
What is -213 (base 4) in base 9?
-43
What is 301 (base 9) in base 16?
f4
1 (base 15) to base 6
1
-68 (base 15) to base 4
-1202
What is -45 (base 14) in base 6?
-141
What is -46 (base 13) in base 3?
-2011
-133 (base 7) to base 13
-58
9 (base 11) to base 12
9
-154 (base 7) to base 16
-58
Convert 11 (base 8) to base 11.
9
-269 (base 10) to base 14
-153
What is 1 (base 4) in base 11?
1
What is -1221 (base 4) in base 2?
-1101001
-2 (base 16) to base 6
-2
What is 44 (base 8) in base 9?
40
What is -2 (base 11) in base 10?
-2
What is 2 (base 6) in base 10?
2
Convert -2 (base 9) to base 3.
-2
Convert -220 (base 7) to base 12.
-94
What is 1101011 (base 2) in base 7?
212
17 (base 12) to base 7
25
What is 1102 (base 3) in base 2?
100110
-1 (base 7) to base 11
-1
-1303 (base 5) to base 7
-410
What is -3 (base 4) in base 10?
-3
-30 (base 5) to base 16
-f
What is -ec (base 16) in base 13?
-152
Convert 3 (base 16) to base 15.
3
-3 (base 9) to base 13
-3
What is -22 (base 9) in base 14?
-16
1 (base 13) to base 11
1
Convert -141 (base 5) to base 7.
-64
What is 10 (base 4) in base 2?
100
33 (base 4) to base 8
17
-7 (base 10) to base 4
-13
What is -12 (base 4) in base 3?
-20
What is 0 (base 11) in base 4?
0
Convert -2a (base 11) to base 9.
-35
What is 613 (base 7) in base 11?
257
What is 1 (base 4) in base 14?
1
What is -4 (base 11) in base 12?
-4
-90 (base 11) to base 3
-10200
Convert 10 (base 3) to base 11.
3
What is 16 (base 13) in base 16?
13
Convert 15 (base 12) to base 6.
25
What is 13 (base 16) in base 8?
23
Convert 24 (base 16) to base 2.
100100
Convert 36 (base 11) to base 5.
124
-243 (base 6) to base 16
-63
-2b (base 14) to base 7
-54
What is 1 (base 7) in base 15?
1
Convert 8c (base 13) to base 8.
164
What is -15 (base 10) in base 3?
-120
What is 2b (base 14) in base 10?
39
Convert 1 (base 10) to base 11.
1
0 (base 12) to base 7
0
What is 1 (base 6) in base 16?
1
What is -2a (base 15) in base 16?
-28
What is 14 (base 5) in base 4?
21
2 (base 11) to base 14
2
-3 (base 7) to base 15
-3
0 (base 13) to base 14
0
Convert 34 (base 13) to base 4.
223
2 (base 16) to base 3
2
Convert 3 (base 5) to base 16.
3
Convert -5 (base 10) to base 2.
-101
Convert 100 (base 5) to base 7.
34
What is -2 (base 13) in base 10?
-2
What is -18 (base 14) in base 6?
-34
What is -1 (base 6) in base 8?
-1
-11 (base 4) to base 10
-5
Convert -1 (base 16) to base 7.
-1
Convert -92 (base 12) to base 10.
-110
15b (base 16) to base 11
296
-48 (base 12) to base 2
-111000
Convert 2 (base 15) to base 8.
2
0 (base 3) to base 12
0
5 (base 16) to base 4
11
Convert 13 (base 5) to base 3.
22
Convert -34 (base 6) to base 8.
-26
What is -3 (base 11) in base 4?
-3
Convert 34a (base 11) to base 8.
641
Convert -12 (base 3) to base 4.
-11
3 (base 5) to base 7
3
Convert 11010 (base 2) to base 12.
22
What is 101202 (base 3) in base 7?
563
Convert -2 (base 15) to base 12.
-2
What is -4 (base 11) in base 16?
-4
Convert 95 (base 11) to base 14.
76
What is -5 (base 9) in base 11?
-5
What is 0 (base 2) in base 8?
0
What is 24 (base 15) in base 8?
42
What is -120 (base 5) in base 3?
-1022
-13 (base 4) to base 11
-7
5 (base 13) to base 12
5
What is -25 (base 7) in base 12?
-17
Convert 5 (base 7) to base 2.
101
What is -13 (base 12) in base 13?
-12
What is -3 (base 9) in base 14?
-3
What is 0 (base 5) in base 2?
0
10001 (base 2) to base 15
12
Convert 54 (base 7) to base 15.
29
1 (base 2) to base 9
1
What is 17 (base 15) in base 6?
34
-1 (base 14) to base 11
-1
Convert 3 (base 12) to base 4.
3
-1b (base 12) to base 2
-10111
What is f (base 16) in base 3?
120
-11 (base 7) to base 12
-8
What is 1 (base 7) in base 5?
1
Convert -123 (base 4) to base 13.
-21
Convert 0 (base 10) to base 12.
0
0 (base 15) to base 12
0
What is 1011010 (base 2) in base 10?
90
Convert -1100101 (base 2) to base 8.
-145
Convert -21 (base 3) to base 16.
-7
1 (base 12) to base 14
1
What is -8 (base 9) in base 10?
-8
What is -b (base 12) in base 5?
-21
What is 6 (base 16) in base 6?
10
-d (base 15) to base 2
-1101
-7 (base 9) to base 13
-7
What is -f (base 16) in base 14?
-11
Convert 5 (base 13) to base 9.
5
Convert 100111 (base 2) to base 14.
2b
What is -7 (base 15) in base 4?
-13
Convert c (base 15) to base 16.
c
Convert -4 (base 6) to base 2.
-100
-13 (base 8) to base 11
-10
-12110 (base 3) to base 14
-a7
What is -20 (base 3) in base 11?
-6
-3 (base 11) to base 4
-3
Convert 1 (base 3) to base 9.
1
2 (base 14) to base 12
2
What is -417 (base 9) in base 16?
-154
Convert -3 (base 8) to base 9.
-3
What is 16 (base 9) in base 14?
11
Convert 20 (base 9) to base 2.
10010
What is -77 (base 8) in base 4?
-333
What is 21 (base 4) in base 11?
9
-7 (base 8) to base 9
-7
-6 (base 11) to base 13
-6
Convert 12 (base 6) to base 5.
13
2 (base 5) to base 13
2
Convert -1121 (base 3) to base 14.
-31
Convert 0 (base 4) to base 9.
0
-8 (base 9) to base 10
-8
What is 1 (base 10) in base 4?
1
6 (base 11) to base 8
6
1 (base 4) to base 5
1
1 (base 15) to base 16
1
What is 1 (base 11) in base 9?
1
Convert 0 (base 13) to base 5.
0
What is -13 (base 4) in base 16?
-7
Convert 4 (base 6) to base 5.
4
-6 (base 8) to base 10
-6
412 (base 6) to base 7
305
-3 (base 7) to base 5
-3
-10 (base 6) to base 7
-6
-1 (base 12) to base 4
-1
What is 2 (base 8) in base 11?
2
What is -16 (base 16) in base 5?
-42
-20 (base 4) to base 10
-8
What is -11100 (base 2) in base 12?
-24
-21 (base 15) to base 8
-37
Convert 31 (base 6) to base 16.
13
What is 27 (base 14) in base 9?
38
What is -1101 (base 2) in base 14?
-d
What is -145 (base 6) in base 13?
-50
Convert 2 (base 8) to base 13.
2
Convert 2 (base 3) to base 2.
10
23 (base 13) to base 5
104
What is 4 (base 6) in base 13?
4
What is -12 (base 4) in base 9?
-6
-9 (base 10) to base 4
-21
-233 (base 7) to base 9
-145
8 (base 16) to base 13
8
Convert 1022 (base 3) to base 8.
43
Convert 10 (base 11) to base 8.
13
Convert 3 (base 5) to base 15.
3
What is -3 (base 11) in base 4?
-3
What is -30 (base 6) in base 13?
-15
-74 (base 12) to base 4
-1120
-2 (base 14) to base 3
-2
Convert 1 (base 16) to base 8.
1
What is 7 (base 9) in base 15?
7
What is -b (base 15) in base 5?
-21
14 (base 9) to base 6
21
What is 7 (base 15) in base 7?
10
Convert 4 (base 7) to base 5.
4
-c8 (base 15) to base 10
-188
What is -68 (base 10) in base 5?
-233
-3 (base 7) to base 4
-3
Convert 1010110 (base 2) to base 4.
1112
Convert -8 (base 15) to base 12.
-8
Convert -2 (base 6) to base 2.
-10
Convert 2 (base 14) to base 10.
2
What is -17 (base 12) in base 8?
-23
What is 10 (base 5) in base 3?
12
What is 1200 (base 4) in ba